{"id":40,"date":"2012-12-02T19:05:16","date_gmt":"2012-12-02T18:05:16","guid":{"rendered":"http:\/\/localhost\/wordpress\/?page_id=40"},"modified":"2015-03-18T22:09:55","modified_gmt":"2015-03-18T20:09:55","slug":"helfenunterstutzen","status":"publish","type":"page","link":"http:\/\/wordpress.human-wildlife.info\/?page_id=40","title":{"rendered":"Helfen\/Unterst\u00fctzen"},"content":{"rendered":"<p style=\"text-align: left;\" align=\"justify\">Wir freuen uns \u00fcber jede Interessentin und jeden Interessenten, der die Diskussion aktiv mitgestaltet und das \u00f6ffentliche Bewusstsein f\u00fcr ein Miteinander von Mensch und Wildtier\u00a0 gemeinsam mit uns f\u00f6rdert.<\/p>\n<p style=\"text-align: left;\" align=\"justify\">Dar\u00fcber hinaus besteht die M\u00f6glichkeit, durch die Mitgliedschaft im Verein das Engagement aktiv voranzutreiben.<\/p>\n<p align=\"justify\">Bei Fragen k\u00f6nnen Sie jederzeit Kontakt zu uns aufnehmen.<\/p>\n<h2 align=\"justify\"><strong>Spendenkonto:<\/strong><\/h2>\n<p align=\"justify\">Sparkasse B\u00fchl<br \/>\nHuman-Wildlife Info e.V.<br \/>\nIBAN: DE28 6625 1434 0000 516161<br \/>\nBIC: SOLADES1BHL<\/p>\n<h2 align=\"justify\"><a title=\"membership\" href=\"http:\/\/wordpress.human-wildlife.info\/?page_id=281\">Mitglied werden<\/a><\/h2>\n<h2><strong>Wie k\u00f6nnten Sie uns noch helfen: Hier ein paar Ideen.<\/strong><\/h2>\n<p style=\"text-align: left;\" align=\"justify\"><span style=\"font-size: x-large;\">Patenschaften<\/span><span style=\"font-size: x-large;\">:<\/span><span style=\"color: #000000;\"> \u00dcbernehmen Sie eine Patenschaft f\u00fcr eine Schule um an einer lokalen Schule einen Bildungstag kostenfrei f\u00fcr die Schule zu erm\u00f6glichen.<\/span><\/p>\n<p style=\"text-align: left;\" align=\"justify\"><span style=\"font-size: x-large;\">Ihre Erfahrung<\/span><span style=\"font-size: x-large;\">:<\/span><span style=\"color: #000000;\"> Teilen Sie uns ihre Erfahrungen und Konflikte oder L\u00f6sungen mit Wildtieren mit. So k\u00f6nnen wir Daten und allgemeine Erfahrungen sammeln und in geeigneter Form als Information zur Verf\u00fcgung stellen.<br \/>\n<\/span><\/p>\n<p style=\"text-align: left;\" align=\"justify\"><span style=\"font-size: x-large;\">lokale Helfer<\/span><span style=\"font-size: x-large;\">:<\/span><span style=\"color: #000000;\"> Unterst\u00fctzen Sie uns bei der Organisation von lokalen Vortr\u00e4gen und Veranstaltungen.<\/span><\/p>\n<p style=\"text-align: left;\" align=\"justify\"><span style=\"font-size: x-large;\">Mundpropaganda<\/span><span style=\"font-size: x-large;\">: <\/span><span style=\"color: #000000;\">Lesen Sie unsere Informationen zu bestimmten Konflikten, zum Verhalten der Wildtiere und von uns Menschen sorgf\u00e4ltig durch und geben Sie diese Informationen an anderen Menschen weiter oder gleich den Hinweis auf unsere Homepage und unsere Aktivit\u00e4ten.<\/span><\/p>\n","protected":false},"excerpt":{"rendered":"<p>Wir freuen uns \u00fcber jede Interessentin und jeden Interessenten, der die Diskussion aktiv mitgestaltet und das \u00f6ffentliche Bewusstsein f\u00fcr ein Miteinander von Mensch und Wildtier\u00a0 gemeinsam mit uns f\u00f6rdert. Dar\u00fcber hinaus besteht die M\u00f6glichkeit, durch die Mitgliedschaft im Verein das Engagement aktiv voranzutreiben. Bei Fragen k\u00f6nnen Sie jederzeit Kontakt zuweiterlesen <a class=\"continue-reading-link\" href=\"http:\/\/wordpress.human-wildlife.info\/?page_id=40\"> Continue reading <span class=\"meta-nav\">&rarr; <\/span><\/a><\/p>\n","protected":false},"author":1,"featured_media":0,"parent":0,"menu_order":0,"comment_status":"closed","ping_status":"closed","template":"","meta":[],"_links":{"self":[{"href":"http:\/\/wordpress.human-wildlife.info\/index.php?rest_route=\/wp\/v2\/pages\/40"}],"collection":[{"href":"http:\/\/wordpress.human-wildlife.info\/index.php?rest_route=\/wp\/v2\/pages"}],"about":[{"href":"http:\/\/wordpress.human-wildlife.info\/index.php?rest_route=\/wp\/v2\/types\/page"}],"author":[{"embeddable":true,"href":"http:\/\/wordpress.human-wildlife.info\/index.php?rest_route=\/wp\/v2\/users\/1"}],"replies":[{"embeddable":true,"href":"http:\/\/wordpress.human-wildlife.info\/index.php?rest_route=%2Fwp%2Fv2%2Fcomments&post=40"}],"version-history":[{"count":10,"href":"http:\/\/wordpress.human-wildlife.info\/index.php?rest_route=\/wp\/v2\/pages\/40\/revisions"}],"predecessor-version":[{"id":986,"href":"http:\/\/wordpress.human-wildlife.info\/index.php?rest_route=\/wp\/v2\/pages\/40\/revisions\/986"}],"wp:attachment":[{"href":"http:\/\/wordpress.human-wildlife.info\/index.php?rest_route=%2Fwp%2Fv2%2Fmedia&parent=40"}],"curies":[{"name":"wp","href":"https:\/\/api.w.org\/{rel}","templated":true}]}}