{"id":281,"date":"2013-09-28T12:00:09","date_gmt":"2013-09-28T11:00:09","guid":{"rendered":"http:\/\/localhost\/wordpress\/?page_id=281"},"modified":"2017-03-30T11:53:36","modified_gmt":"2017-03-30T10:53:36","slug":"mitglied","status":"publish","type":"page","link":"http:\/\/wordpress.human-wildlife.info\/?page_id=281","title":{"rendered":"membership"},"content":{"rendered":"<article id=\"post-99\">\n<header>\n<article id=\"post-100\">\n<article id=\"post-101\">\n<header>\n<article id=\"post-102\"><span style=\"color: #000000; font-size: xx-large;\">Mitglied werden<\/span><\/article>\n<\/header>\n<\/article>\n<\/article>\n<\/header>\n<\/article>\n<p align=\"left\"><span style=\"color: #000000;\">Jeder kann Mitglied werden und die Vereinsarbeit mit dem Mitgliedsbeitrag unterst\u00fctzen. <\/span><\/p>\n<ul>\n<li>\n<p align=\"left\"><span style=\"color: #000000;\">Mitgliedsbeitrag pro Jahr:<\/span><\/p>\n<ul>\n<li>\n<p align=\"left\"><span style=\"color: #000000;\">30\u20ac\/Jahr vollj\u00e4hrige MitgliederInnen<\/span><\/p>\n<\/li>\n<li>\n<p align=\"left\"><span style=\"color: #000000;\">15\u20ac\/Jahr <\/span><span style=\"font-size: medium;\"><span style=\"color: #000000;\">StudentInnen, Schwerbehinderte, vollj\u00e4hrige Sch\u00fclerInnen, Rentner<\/span><\/span><\/p>\n<\/li>\n<li>\n<p align=\"left\">Minderj\u00e4hrige k\u00f6nnen beitragsfrei Mitglied werden mit Zustimmung der Erziehungsberechtigten<\/p>\n<\/li>\n<\/ul>\n<\/li>\n<\/ul>\n<p align=\"left\"><span style=\"color: #000000;\">Wer Mitglied werden m\u00f6chte kann uns ein <\/span><a href=\"mailto:kontakt@human-wildlife.info?subject=Mitglied\"><span style=\"color: #000000;\">Email <\/span><\/a><span style=\"color: #000000;\">oder einen Brief schicken mit folgenden Angaben. <\/span><\/p>\n<p align=\"left\"><b><span style=\"color: #000000;\">Vorname<\/span><\/b><\/p>\n<p align=\"left\"><b><span style=\"color: #000000;\">Familienname<\/span><\/b><\/p>\n<p align=\"left\"><b><span style=\"color: #000000;\">Adresse<\/span><\/b><\/p>\n<p align=\"left\"><b><span style=\"color: #000000;\">Kontaktm\u00f6glichkeiten<\/span><\/b><\/p>\n<p align=\"left\"><b><span style=\"color: #000000;\">Alter<\/span><\/b><\/p>\n<p align=\"left\"><b><span style=\"color: #000000;\">Bei Familien bitten wir um die Anzahl der Familienmitglieder<\/span><\/b><\/p>\n<p align=\"left\"><b><span style=\"color: #000000;\">Motivation in dem Verein Mitglied zu sein<\/span><\/b><\/p>\n<p align=\"left\"><span style=\"color: #000000;\"><b>Zahlart:<\/b> \u00dcberweisung, Einzugserm\u00e4chtigung<\/span><\/p>\n<p align=\"left\"><span style=\"color: #000000;\">Alle Informationen werden streng vertraulich behandelt und werden nicht weitergegeben.<\/span><\/p>\n","protected":false},"excerpt":{"rendered":"<p>Mitglied werden Jeder kann Mitglied werden und die Vereinsarbeit mit dem Mitgliedsbeitrag unterst\u00fctzen. Mitgliedsbeitrag pro Jahr: 30\u20ac\/Jahr vollj\u00e4hrige MitgliederInnen 15\u20ac\/Jahr StudentInnen, Schwerbehinderte, vollj\u00e4hrige Sch\u00fclerInnen, Rentner Minderj\u00e4hrige k\u00f6nnen beitragsfrei Mitglied werden mit Zustimmung der Erziehungsberechtigten Wer Mitglied werden m\u00f6chte kann uns ein Email oder einen Brief schicken mit folgenden Angaben. Vornameweiterlesen <a class=\"continue-reading-link\" href=\"http:\/\/wordpress.human-wildlife.info\/?page_id=281\"> Continue reading <span class=\"meta-nav\">&rarr; <\/span><\/a><\/p>\n","protected":false},"author":1,"featured_media":0,"parent":40,"menu_order":0,"comment_status":"closed","ping_status":"closed","template":"","meta":[],"_links":{"self":[{"href":"http:\/\/wordpress.human-wildlife.info\/index.php?rest_route=\/wp\/v2\/pages\/281"}],"collection":[{"href":"http:\/\/wordpress.human-wildlife.info\/index.php?rest_route=\/wp\/v2\/pages"}],"about":[{"href":"http:\/\/wordpress.human-wildlife.info\/index.php?rest_route=\/wp\/v2\/types\/page"}],"author":[{"embeddable":true,"href":"http:\/\/wordpress.human-wildlife.info\/index.php?rest_route=\/wp\/v2\/users\/1"}],"replies":[{"embeddable":true,"href":"http:\/\/wordpress.human-wildlife.info\/index.php?rest_route=%2Fwp%2Fv2%2Fcomments&post=281"}],"version-history":[{"count":1,"href":"http:\/\/wordpress.human-wildlife.info\/index.php?rest_route=\/wp\/v2\/pages\/281\/revisions"}],"predecessor-version":[{"id":1208,"href":"http:\/\/wordpress.human-wildlife.info\/index.php?rest_route=\/wp\/v2\/pages\/281\/revisions\/1208"}],"up":[{"embeddable":true,"href":"http:\/\/wordpress.human-wildlife.info\/index.php?rest_route=\/wp\/v2\/pages\/40"}],"wp:attachment":[{"href":"http:\/\/wordpress.human-wildlife.info\/index.php?rest_route=%2Fwp%2Fv2%2Fmedia&parent=281"}],"curies":[{"name":"wp","href":"https:\/\/api.w.org\/{rel}","templated":true}]}}