{"id":245,"date":"2013-09-28T11:21:11","date_gmt":"2013-09-28T10:21:11","guid":{"rendered":"http:\/\/localhost\/wordpress\/?page_id=245"},"modified":"2019-08-27T09:15:35","modified_gmt":"2019-08-27T08:15:35","slug":"canis-lupus","status":"publish","type":"page","link":"http:\/\/wordpress.human-wildlife.info\/?page_id=245","title":{"rendered":"Large Carnivores"},"content":{"rendered":"<article>\n<header>\n<article>\n<p align=\"left\"><span style=\"color: #000000; font-size: xx-large;\">W\u00f6lfe, Luchse, Braunb\u00e4ren<br \/>\n<\/span><\/p>\n<p align=\"center\"><span style=\"color: #000000; font-size: xx-large;\">Wissen \u00f6ffnet Horizonte<\/span><\/p>\n<p align=\"left\"><span style=\"color: #000000;\"><b>Referent: <\/b><a title=\"Kurzportait\" href=\"http:\/\/wordpress.human-wildlife.info\/?page_id=101\">Peter S\u00fcrth <\/a>Ing. f\u00fcr Wildtiermanagement, Experte f\u00fcr W\u00f6lfe, Braunb\u00e4ren und Luchse.<\/span><\/p>\n<p><span style=\"color: #000000;\">Urspr\u00fcnglich haben W\u00f6lfe, Luchse und Braunb\u00e4ren in ganz Europa gelebt. Sie werden noch h\u00e4ufig als Raubtiere bezeichnet, immer \u00f6fter als gro\u00dfe Beutegreifer. Allerdings ist der europ\u00e4ische Braunb\u00e4r kein typischer J\u00e4ger oder Fleischfreser sonder ein Allesfresser (Omnivor). Wir Menschen haben alle drei Arten (und viele andere Wildtiere) in vielen Regionen ausgerottet. W\u00f6lfe, Luchse und B\u00e4ren haben als Splitterpopulation in Europa nur in sehr d\u00fcnn besiedelten oder schwer zug\u00e4nglichen Gebieten \u00fcberleben k\u00f6nnen. Die drei Hauptgr\u00fcnde f\u00fcr die intensive Verfolgung war der Konflikt mit den Nutztierhaltern, die Konkurrenz mit den jagdlichen Interessen und die Angst der Menschen.<br \/>\n<\/span><\/p>\n<p><span style=\"color: #000000;\">Weder \u00fcber W\u00f6lfe, noch \u00fcber Luchse oder B\u00e4ren hat man viel gewusst. Wildtiere wurden klar in Sch\u00e4dlinge und n\u00fctzliche Schubladen gesteckt. Das gilt sehr oft noch bis heute. Das sind eindeutig einseitige und ausgesprochen egozentrische Sichtweisen. Seit den 70er Jahren hat man angefangen die gro\u00dfen Beutegreifer unter Schutz zu stellen und hat intensiver begonnen die Lebens- und Verhaltensweisen wissenschaftliche zu erforschen. Alle drei Arten breiten sich in Europa wieder aus. Allerdings schaffen es nur die W\u00f6lfe relativ schnell gro\u00dffl\u00e4chig alte Lebensr\u00e4ume wieder eigenst\u00e4ndig zu besiedeln. Die Populationsentwicklung und erfolgreiche Wiederbesiedlung bei den Luchsen und B\u00e4ren verl\u00e4uft sehr viel langsamer.\u00a0 <\/span><\/p>\n<p><span style=\"color: #000000;\">W\u00f6lfe geh\u00f6ren zu den anpassungsf\u00e4higsten und intelligentesten Wildtieren. Zuk\u00fcnftig werden W\u00f6lfe Deutschland, \u00d6sterreich und die Schweiz zunehmend wieder eigenst\u00e4ndig besiedeln. Auch die Anzahl der Braunb\u00e4ren nimmt in den Alpen und anderen Gebieten langsam wieder zu. Zum Teil gest\u00fctzt durch fr\u00fchere Ansiedlungsprojekte wie in der Brenta in Italien und durch eine nat\u00fcrliche Ausbreitung. Die Luchse in Deutschland und den Alpen sind durch Ansiedlungsprojekte der vergangenen Jahrzehnte zur\u00fcckgekommen. Sie tun sich ausgesprochen schwer neue Regionen eigenst\u00e4ndig zu besiedeln. <\/span><\/p>\n<p><span style=\"color: #000000;\">Insgesamt wird die R\u00fcckkehr der gro\u00dfen Beutegreifer ein schwieriger Prozess. Wir Menschen werden lernen m\u00fcssen mit dem Wolf, dem Luchs und in den Alpen auch mit den B\u00e4ren wieder zu leben. Die zuk\u00fcnftige wichtige Herausforderung ist nicht das Managment der Wildtiere, sondern das Management (die Gestaltung) des Miteinanders von Menschen und W\u00f6lfen, Luchse und B\u00e4ren in einem gemeinsam genutzten Lebensraum. Selbstverst\u00e4ndlich wird es Konflikte geben, auf beiden Seiten. Es geht darum die Konflikte f\u00fcr uns Menschen und f\u00fcr die gro\u00dfen Beutegreifer zu minimieren. Das gro\u00dffl\u00e4chige Abschaffen von &#8222;st\u00f6renden&#8220; Wildtierarten und Populationen ist ein NOGO und auch juritisch zum Gl\u00fcck nicht mehr m\u00f6glich. <\/span><\/p>\n<p><span style=\"color: #000000;\">Das Grundprinzip des modernen &#8222;Mensch-Wildtier-Management&#8220; ist die &#8222;Gestaltung des Miteinanders&#8220; und gilt grunds\u00e4tzlich im Zusammenhang f\u00fcr alle Mensch-Wildtierbeziehungen.<br \/>\n<\/span><\/p>\n<h3>Das beudetet am Ende:<\/h3>\n<h4><span style=\"color: #ff6600;\">Eine sehr selbstkritische Betrachtung wie Menschen mit anderen Lebewesen umgehen.<\/span><\/h4>\n<p><b><span style=\"color: #000000;\">Lernziele zum Wolf und Luchs (und B\u00e4r):<\/span><\/b><\/p>\n<ul>\n<li><span style=\"color: #000000;\">Wo leben W\u00f6lfe\/Luchse in Europa?<\/span><\/li>\n<li><span style=\"color: #000000;\">Wo haben W\u00f6lfe\/Luchse fr\u00fcher gelebt und warum sind sie dort nicht mehr?<\/span><\/li>\n<li><span style=\"color: #000000;\">Wieso kommen W\u00f6lfe\/Luchse in unsere Heimat zur\u00fcck?<\/span><\/li>\n<li><span style=\"color: #000000;\">Wie leben Menschen in Regionen mit dem Wolf\/Luchs und B\u00e4r?<\/span><\/li>\n<li><span style=\"color: #000000;\">Wie leben W\u00f6lfe\/Luchse mit Menschen und den vielen Aktivit\u00e4ten. <\/span><\/li>\n<li><span style=\"color: #000000;\">Welche Konflikte wird es geben mit den W\u00f6lfen\/Luchsen?<\/span><\/li>\n<li><span style=\"color: #000000;\">Wie geht man in anderen L\u00e4ndern mit diesen Konflikten um?<\/span><\/li>\n<li><span style=\"color: #000000;\">Wie gef\u00e4hrlich sind W\u00f6lfe\/Luchse f\u00fcr uns Menschen?<\/span><\/li>\n<li>Wie gef\u00e4hrlich sind Menschen f\u00fcr W\u00f6lfe\/Luchse?<\/li>\n<li><span style=\"color: #000000;\">Was mache ich bei Begegnungen mit W\u00f6lfen oder einem Luchs?<\/span><\/li>\n<li><span style=\"color: #000000;\">Wie und warum erforscht man W\u00f6lfe\/Luchse\/B\u00e4ren?<\/span><\/li>\n<li><span style=\"color: #000000;\">Wie sieht der Lebensraum in den Alpen und in Deutschland aus der Sicht der W\u00f6lfe\/Luchse\/B\u00e4ren aus?<\/span><\/li>\n<li><span style=\"color: #000000;\">Wie scheu sind W\u00f6lfe\/Luchse wirklich?<\/span><\/li>\n<li><span style=\"color: #000000;\">Wie ist die soziale Struktur bei den W\u00f6lfen\/Luchsen aufgebaut?<\/span><\/li>\n<li><span style=\"color: #000000;\">Warum sind W\u00f6lfe\/Luchse gesch\u00fctzt?<\/span><\/li>\n<li><span style=\"color: #000000;\">Wie viel Platz brauchen W\u00f6lfe\/Luchse?<\/span><\/li>\n<li><span style=\"color: #000000;\">Was ist Wildtiermanagement?<\/span><\/li>\n<\/ul>\n<p>Informationen zu den einzelnen Programmpunkten:<\/p>\n<p style=\"text-align: left;\" align=\"center\"><strong>Interaktive Schulstunde<br \/>\n<\/strong><\/p>\n<p><span style=\"color: #000000;\">In interaktiv gestalteten 45-90min (Doppelstunde) erz\u00e4hle ich aus meiner Arbeit in der Wildtierforschung mit W\u00f6lfen, Luchse und Braunb\u00e4ren. Mit Hilfe von Bildern, Karten, Videoclips und Anekdoten aus der Forschung erarbeiten wir uns Antworten zu den Fragen. Gipsabdr\u00fccke von Spuren verschiedener Wildtiere, Telemetriesender und weitere Utensilien aus meiner Arbeit runden den Tag ab. Ich fordere die Sch\u00fcler auf alle Aussagen kritisch zu hinterfragen und versuche m\u00f6glichst viele Fragen zu beantworten. \u00a0Mein Programm gestalte ich f\u00fcr alle Schulklassen von der Grundschule bis zur Oberstufe. Den Inhalt, die Tiefe und die Art und Weise passe ich dem Alter entsprechend an.<\/span><\/p>\n<p><span style=\"color: #000000;\">Gemeinsam werden wir \u00fcber L\u00f6sungsm\u00f6glichkeiten f\u00fcr Konflikte nachdenken. Aktuelle Ereignisse werden von mir vorgestellt und einbezogen.\u00a0\u00a0 <\/span><\/p>\n<p><span style=\"color: #000000;\">Am Ende sollen die Sch\u00fcler sensibilisiert werden \u00fcber die Verantwortung die wir Menschen den Wildtieren gegen\u00fcber haben, auch dann wenn sie uns Probleme bereiten.<\/span><\/p>\n<p style=\"text-align: left;\" align=\"center\"><strong>Begleitung von Arbeitsgruppen<\/strong><\/p>\n<p><span style=\"color: #000000;\">W\u00f6lfe\/Luchse und die gesamte \u00f6kologische und sozial-\u00f6konomischen Faktoren stellen ein spannendes und vielschichtiges Thema f\u00fcr schulische Arbeitsgruppen dar. Ich biete an diese Gruppen fachlich zu begleiten. Der Wolf und Luchs bietet viele Themen. Dazu die \u00f6kologische Rolle, die Geschichte und insbesondere eine kritische Selbstreflexion, die Betrachtung unserer heutigen Gesellschaft, aller Interessensgruppen und der Politik Die Form meiner Begleitung muss im Vorfeld abgesprochen werden. M\u00f6glich sind ein oder mehrere Vortr\u00e4ge, Exkursionen, die Onlineunterst\u00fctzung und die Unterst\u00fctzung von Ausstellungen oder Events.\u00a0\u00a0 <\/span><\/p>\n<p style=\"text-align: left;\" align=\"center\"><strong>Projektwochen<\/strong><\/p>\n<p><span style=\"color: #000000;\">Das Thema W\u00f6lfe (gro\u00dfe Beutegreifer) bietet sich mit allen Facetten auch f\u00fcr eine Projektwoche an. Hier besteht die M\u00f6glichkeit einer intensiven Begleitung und der permanente Arbeit mit den Sch\u00fclern. Die Unterst\u00fctzung erfolgt schon bei der Auswahl der Kernthemen. Dabei durchleuchten wir kritisch Mensch und Wolf selbst und die pro und contras die in den Medien dargestellt werden. Am Ende der Woche sollen die Sch\u00fcler in der Lage sein eine eigene Meinung zu formulieren wie sie ihre Zukunft mit dem Wolf\/Luchs sehen und was wir \u00e4ndern sollten um Wege f\u00fcr ein Miteinander zu finden. <\/span><\/p>\n<p style=\"text-align: left;\" align=\"center\"><strong>Exkursionen<\/strong><\/p>\n<p><span style=\"color: #000000;\">Ich biete die M\u00f6glichkeit an Exkursionen zu begleiten und mitzuentwickeln f\u00fcr ein- oder mehrt\u00e4gige Exkursionen. Bei einer Exkursion in der Umgebung der Schule schauen wir uns den Lebensraum aus der Sicht der Wildtiere und der Menschen an. Ich erz\u00e4hle dabei aus dem Forscheralltag und je nach Altersgruppe machen wir Spiele zum Wolfsthema. Ebenso ist die Exkursion zu einem Schafbauern m\u00f6glich, mit dem die Sch\u00fcler direkt \u00fcber seine Sichtweise und Probleme mit dem Wolf\/Luchs sprechen k\u00f6nnen. Bei mehrt\u00e4gigen Exkursionen fahren wir in eine Wolfsregion, gehen dort auf Spurensuche und diskutieren die Wolfsthematik mit verschiedenen Akteuren vor Ort. <\/span><\/p>\n<p style=\"text-align: left;\" align=\"center\"><strong>Schulfest, Ausstellungen und Events<\/strong><\/p>\n<p><span style=\"color: #000000;\">Die oben aufgef\u00fchrten Programmpunkte k\u00f6nnen am Ende in einem Schulfest eingebunden werden, oder in Ausstellungen und Events. Ich biete an diese Aktivit\u00e4ten zu Unterst\u00fctzen und auf Wunsch auch mit einem eigenen Auftritt. Da wir von Verein aus selber Ausstellungen konzipieren werden, besteht hier die M\u00f6glichkeit von Kooperationen. Die Kunst, Musik und Theater stellt ein hervoragendes Medium f\u00fcr Veranstaltungen dar. Zwei Beispiele die ich begleitet habe sind: &#8222;Wenn W\u00f6lfe feiern&#8220; ein Schulfest der Sprachf\u00f6rderschule in Wagshurst, &#8222;Kids for the Wolf&#8220; eine Jugendkunstausstellung mit der Jugendkunstschule in Filderstadt. <\/span><\/p>\n<p style=\"text-align: left;\" align=\"center\"><strong>Lehrerfortbildung<\/strong><\/p>\n<p style=\"text-align: left;\" align=\"center\"><span style=\"color: #000000;\">Ich besuche Schulen schon seit vielen Jahren und spreche mit Sch\u00fclern und Lehrer \u00fcber W\u00f6lfe, Luchse und Braunb\u00e4ren. Viele Lehrer fragen mich nach einer Fortbildungsm\u00f6glichkeit, denn sie stellen fest zum einen die Bedeutung fest als auch, dass die \u00fcbliche Schulliteratur veraltet ist. Es ist nicht einfach eine solche Fortbildung zum Thema Wolf oder gro\u00dfe Beutegreifer zu organisieren und zu finanzieren. Trotzdem biete ich entsprechende Lehrerfortbildungen an. \u00dcber den Verein ist sowohl die Finanzierung einfacher als auch die Realisation.\u00a0 <\/span><\/p>\n<\/article>\n<\/header>\n<\/article>\n","protected":false},"excerpt":{"rendered":"<p>W\u00f6lfe, Luchse, Braunb\u00e4ren Wissen \u00f6ffnet Horizonte Referent: Peter S\u00fcrth Ing. f\u00fcr Wildtiermanagement, Experte f\u00fcr W\u00f6lfe, Braunb\u00e4ren und Luchse. Urspr\u00fcnglich haben W\u00f6lfe, Luchse und Braunb\u00e4ren in ganz Europa gelebt. Sie werden noch h\u00e4ufig als Raubtiere bezeichnet, immer \u00f6fter als gro\u00dfe Beutegreifer. Allerdings ist der europ\u00e4ische Braunb\u00e4r kein typischer J\u00e4ger oder Fleischfreserweiterlesen <a class=\"continue-reading-link\" href=\"http:\/\/wordpress.human-wildlife.info\/?page_id=245\"> Continue reading <span class=\"meta-nav\">&rarr; <\/span><\/a><\/p>\n","protected":false},"author":1,"featured_media":0,"parent":43,"menu_order":0,"comment_status":"closed","ping_status":"closed","template":"","meta":[],"_links":{"self":[{"href":"http:\/\/wordpress.human-wildlife.info\/index.php?rest_route=\/wp\/v2\/pages\/245"}],"collection":[{"href":"http:\/\/wordpress.human-wildlife.info\/index.php?rest_route=\/wp\/v2\/pages"}],"about":[{"href":"http:\/\/wordpress.human-wildlife.info\/index.php?rest_route=\/wp\/v2\/types\/page"}],"author":[{"embeddable":true,"href":"http:\/\/wordpress.human-wildlife.info\/index.php?rest_route=\/wp\/v2\/users\/1"}],"replies":[{"embeddable":true,"href":"http:\/\/wordpress.human-wildlife.info\/index.php?rest_route=%2Fwp%2Fv2%2Fcomments&post=245"}],"version-history":[{"count":8,"href":"http:\/\/wordpress.human-wildlife.info\/index.php?rest_route=\/wp\/v2\/pages\/245\/revisions"}],"predecessor-version":[{"id":1359,"href":"http:\/\/wordpress.human-wildlife.info\/index.php?rest_route=\/wp\/v2\/pages\/245\/revisions\/1359"}],"up":[{"embeddable":true,"href":"http:\/\/wordpress.human-wildlife.info\/index.php?rest_route=\/wp\/v2\/pages\/43"}],"wp:attachment":[{"href":"http:\/\/wordpress.human-wildlife.info\/index.php?rest_route=%2Fwp%2Fv2%2Fmedia&parent=245"}],"curies":[{"name":"wp","href":"https:\/\/api.w.org\/{rel}","templated":true}]}}

<article>
<header>
<article>
<p align="left"><span style="color: #000000; font-size: xx-large;">Wölfe, Luchse, Braunbären<br />
</span></p>
<p align="center"><span style="color: #000000; font-size: xx-large;">Wissen öffnet Horizonte</span></p>
<p align="left"><span style="color: #000000;"><b>Referent: </b><a title="Kurzportait" href="http://wordpress.human-wildlife.info/?page_id=101">Peter Sürth </a>Ing. für Wildtiermanagement, Experte für Wölfe, Braunbären und Luchse.</span></p>
<p><span style="color: #000000;">Ursprünglich haben Wölfe, Luchse und Braunbären in ganz Europa gelebt. Sie werden noch häufig als Raubtiere bezeichnet, immer öfter als große Beutegreifer. Allerdings ist der europäische Braunbär kein typischer Jäger oder Fleischfreser sonder ein Allesfresser (Omnivor). Wir Menschen haben alle drei Arten (und viele andere Wildtiere) in vielen Regionen ausgerottet. Wölfe, Luchse und Bären haben als Splitterpopulation in Europa nur in sehr dünn besiedelten oder schwer zugänglichen Gebieten überleben können. Die drei Hauptgründe für die intensive Verfolgung war der Konflikt mit den Nutztierhaltern, die Konkurrenz mit den jagdlichen Interessen und die Angst der Menschen.<br />
</span></p>
<p><span style="color: #000000;">Weder über Wölfe, noch über Luchse oder Bären hat man viel gewusst. Wildtiere wurden klar in Schädlinge und nützliche Schubladen gesteckt. Das gilt sehr oft noch bis heute. Das sind eindeutig einseitige und ausgesprochen egozentrische Sichtweisen. Seit den 70er Jahren hat man angefangen die großen Beutegreifer unter Schutz zu stellen und hat intensiver begonnen die Lebens- und Verhaltensweisen wissenschaftliche zu erforschen. Alle drei Arten breiten sich in Europa wieder aus. Allerdings schaffen es nur die Wölfe relativ schnell großflächig alte Lebensräume wieder eigenständig zu besiedeln. Die Populationsentwicklung und erfolgreiche Wiederbesiedlung bei den Luchsen und Bären verläuft sehr viel langsamer.  </span></p>
<p><span style="color: #000000;">Wölfe gehören zu den anpassungsfähigsten und intelligentesten Wildtieren. Zukünftig werden Wölfe Deutschland, Österreich und die Schweiz zunehmend wieder eigenständig besiedeln. Auch die Anzahl der Braunbären nimmt in den Alpen und anderen Gebieten langsam wieder zu. Zum Teil gestützt durch frühere Ansiedlungsprojekte wie in der Brenta in Italien und durch eine natürliche Ausbreitung. Die Luchse in Deutschland und den Alpen sind durch Ansiedlungsprojekte der vergangenen Jahrzehnte zurückgekommen. Sie tun sich ausgesprochen schwer neue Regionen eigenständig zu besiedeln. </span></p>
<p><span style="color: #000000;">Insgesamt wird die Rückkehr der großen Beutegreifer ein schwieriger Prozess. Wir Menschen werden lernen müssen mit dem Wolf, dem Luchs und in den Alpen auch mit den Bären wieder zu leben. Die zukünftige wichtige Herausforderung ist nicht das Managment der Wildtiere, sondern das Management (die Gestaltung) des Miteinanders von Menschen und Wölfen, Luchse und Bären in einem gemeinsam genutzten Lebensraum. Selbstverständlich wird es Konflikte geben, auf beiden Seiten. Es geht darum die Konflikte für uns Menschen und für die großen Beutegreifer zu minimieren. Das großflächige Abschaffen von &#8222;störenden&#8220; Wildtierarten und Populationen ist ein NOGO und auch juritisch zum Glück nicht mehr möglich. </span></p>
<p><span style="color: #000000;">Das Grundprinzip des modernen &#8222;Mensch-Wildtier-Management&#8220; ist die &#8222;Gestaltung des Miteinanders&#8220; und gilt grundsätzlich im Zusammenhang für alle Mensch-Wildtierbeziehungen.<br />
</span></p>
<h3>Das beudetet am Ende:</h3>
<h4><span style="color: #ff6600;">Eine sehr selbstkritische Betrachtung wie Menschen mit anderen Lebewesen umgehen.</span></h4>
<p><b><span style="color: #000000;">Lernziele zum Wolf und Luchs (und Bär):</span></b></p>
<ul>
<li><span style="color: #000000;">Wo leben Wölfe/Luchse in Europa?</span></li>
<li><span style="color: #000000;">Wo haben Wölfe/Luchse früher gelebt und warum sind sie dort nicht mehr?</span></li>
<li><span style="color: #000000;">Wieso kommen Wölfe/Luchse in unsere Heimat zurück?</span></li>
<li><span style="color: #000000;">Wie leben Menschen in Regionen mit dem Wolf/Luchs und Bär?</span></li>
<li><span style="color: #000000;">Wie leben Wölfe/Luchse mit Menschen und den vielen Aktivitäten. </span></li>
<li><span style="color: #000000;">Welche Konflikte wird es geben mit den Wölfen/Luchsen?</span></li>
<li><span style="color: #000000;">Wie geht man in anderen Ländern mit diesen Konflikten um?</span></li>
<li><span style="color: #000000;">Wie gefährlich sind Wölfe/Luchse für uns Menschen?</span></li>
<li>Wie gefährlich sind Menschen für Wölfe/Luchse?</li>
<li><span style="color: #000000;">Was mache ich bei Begegnungen mit Wölfen oder einem Luchs?</span></li>
<li><span style="color: #000000;">Wie und warum erforscht man Wölfe/Luchse/Bären?</span></li>
<li><span style="color: #000000;">Wie sieht der Lebensraum in den Alpen und in Deutschland aus der Sicht der Wölfe/Luchse/Bären aus?</span></li>
<li><span style="color: #000000;">Wie scheu sind Wölfe/Luchse wirklich?</span></li>
<li><span style="color: #000000;">Wie ist die soziale Struktur bei den Wölfen/Luchsen aufgebaut?</span></li>
<li><span style="color: #000000;">Warum sind Wölfe/Luchse geschützt?</span></li>
<li><span style="color: #000000;">Wie viel Platz brauchen Wölfe/Luchse?</span></li>
<li><span style="color: #000000;">Was ist Wildtiermanagement?</span></li>
</ul>
<p>Informationen zu den einzelnen Programmpunkten:</p>
<p style="text-align: left;" align="center"><strong>Interaktive Schulstunde<br />
</strong></p>
<p><span style="color: #000000;">In interaktiv gestalteten 45-90min (Doppelstunde) erzähle ich aus meiner Arbeit in der Wildtierforschung mit Wölfen, Luchse und Braunbären. Mit Hilfe von Bildern, Karten, Videoclips und Anekdoten aus der Forschung erarbeiten wir uns Antworten zu den Fragen. Gipsabdrücke von Spuren verschiedener Wildtiere, Telemetriesender und weitere Utensilien aus meiner Arbeit runden den Tag ab. Ich fordere die Schüler auf alle Aussagen kritisch zu hinterfragen und versuche möglichst viele Fragen zu beantworten.  Mein Programm gestalte ich für alle Schulklassen von der Grundschule bis zur Oberstufe. Den Inhalt, die Tiefe und die Art und Weise passe ich dem Alter entsprechend an.</span></p>
<p><span style="color: #000000;">Gemeinsam werden wir über Lösungsmöglichkeiten für Konflikte nachdenken. Aktuelle Ereignisse werden von mir vorgestellt und einbezogen.   </span></p>
<p><span style="color: #000000;">Am Ende sollen die Schüler sensibilisiert werden über die Verantwortung die wir Menschen den Wildtieren gegenüber haben, auch dann wenn sie uns Probleme bereiten.</span></p>
<p style="text-align: left;" align="center"><strong>Begleitung von Arbeitsgruppen</strong></p>
<p><span style="color: #000000;">Wölfe/Luchse und die gesamte ökologische und sozial-ökonomischen Faktoren stellen ein spannendes und vielschichtiges Thema für schulische Arbeitsgruppen dar. Ich biete an diese Gruppen fachlich zu begleiten. Der Wolf und Luchs bietet viele Themen. Dazu die ökologische Rolle, die Geschichte und insbesondere eine kritische Selbstreflexion, die Betrachtung unserer heutigen Gesellschaft, aller Interessensgruppen und der Politik Die Form meiner Begleitung muss im Vorfeld abgesprochen werden. Möglich sind ein oder mehrere Vorträge, Exkursionen, die Onlineunterstützung und die Unterstützung von Ausstellungen oder Events.   </span></p>
<p style="text-align: left;" align="center"><strong>Projektwochen</strong></p>
<p><span style="color: #000000;">Das Thema Wölfe (große Beutegreifer) bietet sich mit allen Facetten auch für eine Projektwoche an. Hier besteht die Möglichkeit einer intensiven Begleitung und der permanente Arbeit mit den Schülern. Die Unterstützung erfolgt schon bei der Auswahl der Kernthemen. Dabei durchleuchten wir kritisch Mensch und Wolf selbst und die pro und contras die in den Medien dargestellt werden. Am Ende der Woche sollen die Schüler in der Lage sein eine eigene Meinung zu formulieren wie sie ihre Zukunft mit dem Wolf/Luchs sehen und was wir ändern sollten um Wege für ein Miteinander zu finden. </span></p>
<p style="text-align: left;" align="center"><strong>Exkursionen</strong></p>
<p><span style="color: #000000;">Ich biete die Möglichkeit an Exkursionen zu begleiten und mitzuentwickeln für ein- oder mehrtägige Exkursionen. Bei einer Exkursion in der Umgebung der Schule schauen wir uns den Lebensraum aus der Sicht der Wildtiere und der Menschen an. Ich erzähle dabei aus dem Forscheralltag und je nach Altersgruppe machen wir Spiele zum Wolfsthema. Ebenso ist die Exkursion zu einem Schafbauern möglich, mit dem die Schüler direkt über seine Sichtweise und Probleme mit dem Wolf/Luchs sprechen können. Bei mehrtägigen Exkursionen fahren wir in eine Wolfsregion, gehen dort auf Spurensuche und diskutieren die Wolfsthematik mit verschiedenen Akteuren vor Ort. </span></p>
<p style="text-align: left;" align="center"><strong>Schulfest, Ausstellungen und Events</strong></p>
<p><span style="color: #000000;">Die oben aufgeführten Programmpunkte können am Ende in einem Schulfest eingebunden werden, oder in Ausstellungen und Events. Ich biete an diese Aktivitäten zu Unterstützen und auf Wunsch auch mit einem eigenen Auftritt. Da wir von Verein aus selber Ausstellungen konzipieren werden, besteht hier die Möglichkeit von Kooperationen. Die Kunst, Musik und Theater stellt ein hervoragendes Medium für Veranstaltungen dar. Zwei Beispiele die ich begleitet habe sind: &#8222;Wenn Wölfe feiern&#8220; ein Schulfest der Sprachförderschule in Wagshurst, &#8222;Kids for the Wolf&#8220; eine Jugendkunstausstellung mit der Jugendkunstschule in Filderstadt. </span></p>
<p style="text-align: left;" align="center"><strong>Lehrerfortbildung</strong></p>
<p style="text-align: left;" align="center"><span style="color: #000000;">Ich besuche Schulen schon seit vielen Jahren und spreche mit Schülern und Lehrer über Wölfe, Luchse und Braunbären. Viele Lehrer fragen mich nach einer Fortbildungsmöglichkeit, denn sie stellen fest zum einen die Bedeutung fest als auch, dass die übliche Schulliteratur veraltet ist. Es ist nicht einfach eine solche Fortbildung zum Thema Wolf oder große Beutegreifer zu organisieren und zu finanzieren. Trotzdem biete ich entsprechende Lehrerfortbildungen an. Über den Verein ist sowohl die Finanzierung einfacher als auch die Realisation.  </span></p>
</article>
</header>
</article>

<p>Wölfe, Luchse, Braunbären Wissen öffnet Horizonte Referent: Peter Sürth Ing. für Wildtiermanagement, Experte für Wölfe, Braunbären und Luchse. Ursprünglich haben Wölfe, Luchse und Braunbären in ganz Europa gelebt. Sie werden noch häufig als Raubtiere bezeichnet, immer öfter als große Beutegreifer. Allerdings ist der europäische Braunbär kein typischer Jäger oder Fleischfreserweiterlesen <a class="continue-reading-link" href="http://wordpress.human-wildlife.info/?page_id=245"> Continue reading <span class="meta-nav">&rarr; </span></a></p>
